. What is the highest common divisor of 2 and v?
1
Let b be 1*(-2 - 1) - -4. Suppose 4 = -5*x + 9. What is the highest common divisor of x and b?
1
Let w = -26 - -1. Let d = 30 - w. What is the greatest common divisor of 5 and d?
5
Let j = 17 + -7. Let u be (9/4)/(-3) - 64017/(-108). Suppose -10*d + u - 92 = 0. Calculate the highest common divisor of j and d.
10
Let h = 1008 + -940. What is the greatest common divisor of 2788 and h?
68
Let c be 1316 - (140/28)/(3 + -2). Calculate the highest common factor of c and 138.
69
Suppose -6*u = -17*u + 693. Suppose -5*f + u + 52 = 0. Calculate the highest common factor of f and 161.
23
Let s be (2 + -72)*3/(-12)*2. Calculate the highest common factor of s and 70.
35
Let r be (-60)/10 - (42/(-3) + -4). What is the highest common divisor of 804 and r?
12
Let f(v) = -v**2 - 9*v + 82. Let y be f(-14). Let q(g) = 28*g**2 - 2*g. Let j be q(2). What is the greatest common divisor of y and j?
12
Let a(h) = h**3 + 3*h**2 - 2*h - 4. Let x be a(4). Let g(w) = -19*w - 3. Let s be g(-2). Suppose -2*o + s = -15. What is the greatest common factor of o and x?
25
Let k = 209 + -170. Calculate the highest common divisor of 975 and k.
39
Suppose -c + 2478 = -6*v + 8*v, -2*c - 2478 = -2*v. What is the highest common factor of v and 21?
21
Suppose -3*w + 5*v - 6 + 16 = 0, 5*v = -3*w + 20. Let y = 6 + -3. Suppose 5 = -2*n + y*n. What is the greatest common divisor of w and n?
5
Let m = 571 - 565. What is the highest common divisor of m and 174?
6
Let u = 0 + 105. Let o = u + -21. Calculate the highest common divisor of 12 and o.
12
Suppose -266*a + 231 = -259*a. What is the highest common factor of a and 6?
3
Let s = 216 - 205. What is the highest common factor of s and 88?
11
Let g(o) = o**3 - 7*o**2 + 2*o - 25. Let b be g(6). Let r = b - -70. Calculate the highest common divisor of 63 and r.
21
Suppose 0 = -2*c, -12*j + 8*j = 3*c - 16. Calculate the greatest common divisor of 16 and j.
4
Let f = -532 - -581. What is the greatest common factor of f and 35?
7
Suppose 0 = 2*a + 5*q - 225, -5*a + 0*q + 615 = -5*q. Let h = -34 - -52. Let l = -3 + h. Calculate the greatest common divisor of a and l.
15
Let d be (7/2 + -3)*10. Suppose 5*c - 5*r - d = 10, 3 = -5*c - r. Suppose 2*p - 115 - 127 = c. What is the greatest common divisor of 11 and p?
11
Suppose -5*u = -2*y + 18, 38*y + 5*u - 24 = 37*y. Calculate the highest common factor of y and 973.
7
Let s(z) = z**2 - 9*z + 10. Let u be s(9). Let m(x) = -7*x - 25. Let y be m(-5). What is the highest common divisor of y and u?
10
Let p(i) = -i**3 + 12*i**2 - 5*i + 6. Let y be p(11). Calculate the highest common divisor of 54 and y.
18
Let o = -142 - -182. What is the highest common divisor of 30 and o?
10
Let d be -4 + 0 - -4 - -48. Suppose 5*a - d = a. What is the highest common factor of a and 18?
6
Let w(f) = 6*f - 11*f + 3 + 0*f. Suppose 5*b - 2*a + 5 = a, b + 1 = 3*a. Let u be w(b). Calculate the highest common divisor of u and 4.
4
Let y = -298 - -300. Let b(n) = -n**3 + n - 2. Suppose -2*r - 5 = -1. Let d be b(r). Calculate the highest common factor of y and d.
2
Suppose -70 = 67*r - 807. Calculate the greatest common divisor of r and 1793.
11
Let v(n) = -n**2 - n + 8. Let z be v(-4). Let t = 15 + z. Let j = -7 + t. What is the greatest common divisor of 16 and j?
4
Let w be (-12)/((-6)/16*-4). Let j be 1/((w/26)/(-4)). Let u = 88 + -36. What is the highest common factor of u and j?
13
Let i(h) = h**3 + 15*h**2 - 5*h + 25. Suppose -2*l - 26 = 4*w, -40 = 3*l + 3*w + 2. Let m be i(l). Calculate the highest common divisor of m and 20.
20
Suppose 5*d - 5*i - 26 = 49, -3*d - 5*i = -21. Let g be (-16)/d - (-201)/9. Calculate the highest common factor of g and 3.
3
Suppose 2*d - 4*a + 4 = 5*d, 2*d - 4*a + 4 = 0. Suppose d*x = -x + 40. What is the highest common factor of 16 and x?
8
Let s = -151 - -426. Calculate the highest common factor of 225 and s.
25
Let v be 40/(-8)*66/(-10). Suppose -5*z - 15 = -4*y + 313, 4*z = -3*y + 277. Suppose -3*n + v = -y. What is the highest common factor of n and 10?
10
Let u be (18/(-21))/((-4)/28). Suppose -13 - 47 = -u*t. Calculate the greatest common divisor of t and 10.
10
Suppose -19 + 68 = z. Suppose 4*m - 145 = -z. What is the highest common divisor of m and 32?
8
Let n(u) be the second derivative of -u**4/12 - 4*u**3 - 29*u**2/2 - 13*u. Let d be n(-17). Calculate the greatest common divisor of 36 and d.
18
Suppose -18 = 4*r - 30, 399 = 3*h + 5*r. Calculate the highest common divisor of 1856 and h.
64
Let m be (-21)/6*8*-10. Suppose z + m = 5*z. Let u(a) = -7*a**2 + 35*a + 10. Let w be u(5). Calculate the highest common factor of z and w.
10
Let a be (-2)/3*(2 - 59). Suppose -2*y + 5*y - 837 = 0. Suppose 2*o - y = -3*u, -2*u - o + 282 = u. What is the greatest common factor of u and a?
19
Let h(t) = -t**3 + 5*t**2 + 4*t + 12. Let v be h(6). Suppose 2*p - 16 = -v*p. Let m be 14/6 - 2/6. What is the greatest common factor of m and p?
2
Let d = 52 + -44. Let l(h) = -2*h**2 + 15*h + 19. Let n be l(d). Calculate the highest common factor of 11 and n.
11
Suppose 4*q = -2*f - 4 - 10, -2*f - 3*q - 9 = 0. Let a = 0 - 5. Let b(u) = -u - 3. Let z be b(a). Calculate the highest common factor of f and z.
1
Let f be 117/(-15)*5/(-1). Let b = f - 35. Calculate the highest common divisor of b and 20.
4
Let c(a) = -2*a**2 - 70*a - 118. Let f be c(-33). Calculate the greatest common factor of 21 and f.
7
Let f = -122 + 185. Suppose -3*j + j = -u - 29, -3*u + 18 = j. Let c = j + -6. What is the highest common divisor of c and f?
9
Let r = 45 - -88. Let m = 34 - 29. Suppose 4*w + 48 + 48 = 4*x, -m*w + 32 = 3*x. Calculate the highest common factor of r and x.
19
Let a be 3*((-16)/6 - -1) + 45. Calculate the highest common divisor of a and 24.
8
Let k(x) be the third derivative of x**6/120 + x**5/10 - x**4/6 - 5*x**3/2 + 17*x**2. Let i be k(-6). What is the greatest common divisor of i and 153?
9
Suppose 4*f + d - 373 = 4*d, -4*f = -2*d - 370. Calculate the greatest common divisor of f and 39.
13
Let j = -6 - -9. Suppose 2*l = 5*a - 9 - 1, -j*a - 2*l = -22. Let w be 603/45 - a/10. What is the highest common factor of w and 26?
13
Suppose 0 = 2*a + 6 - 2. Let i(u) = -9*u - 12. Let z be i(a). Calculate the greatest common divisor of 42 and z.
6
Let y be (160/(-100))/(2/(-10)). Suppose -y*o + 56 = -16. What is the greatest common divisor of o and 6?
3
Let d = -2 + 7. Let u(a) = -a**2 + 10*a - 9. Let x be u(6). Suppose x*i = 13*i + 4. Calculate the greatest common factor of d and i.
1
Suppose -2*s + 217 = -8*y + 5*y, -y = -1. What is the highest common factor of s and 55?
55
Suppose 10*n = 6*n + 12. Suppose -546 = -n*h - 84. What is the greatest common divisor of 14 and h?
14
Let r = -62 + 7. Let h = r + 64. Calculate the greatest common factor of h and 1.
1
Let h = 1380 - 973. Suppose -3*t + 67 = 2*i + 2, 5*i + 4*t - 173 = 0. Calculate the highest common factor of i and h.
37
Let p be 866/4 - (-2)/(-4). Let h(g) = 3*g - 9. Let r be h(11). What is the highest common divisor of r and p?
24
Let j(h) = 10 - 13 - 2*h - 4. Suppose -4*n - 40 = -8. Let q be j(n). What is the highest common factor of q and 99?
9
Let a = -1 - 1. Let v be 91 - (-2 - a - -3). Let s(w) = 9*w + 71. Let q be s(-7). What is the highest common divisor of q and v?
8
Let r = -9 + 12. Suppose 20 = 5*a - 0*a. Suppose -r = -a*h + 1. Calculate the greatest common divisor of 2 and h.
1
Suppose -46*i = -8*i - 608. Let l = 113 - 49. Calculate the highest common divisor of i and l.
16
Let k = 0 - 0. Let a(o) = 2*o**2 - 4*o + 9. Let l be a(4). Suppose k = b - l. Calculate the highest common factor of 10 and b.
5
Suppose a + a = 0. Suppose a = -0*j + 4*j - 180. Suppose l + j = 4*l. What is the highest common factor of 30 and l?
15
Suppose 3*i - 7*i + 64 = 0. Suppose 0 = 2*o + 5*p - 241, -2*o - 3*p + 247 = -0*o. Calculate the highest common factor of i and o.
16
Let z be ((-9)/2)/((-21)/126). Let o(h) = -8*h**3 + 2*h + 3. Let g be o(-2). Calculate the highest common factor of z and g.
9
Let p(l) = 4*l - 8. Let i be p(4). Let v = i - 6. Suppose 2*q + 5*a = 50, -3*q + v*a + a = -96. What is the highest common factor of 3 and q?
3
Suppose -2*x - 43 = 5*m - 268, 0 = -2*m - 3*x + 101. Let j = m - -1. What is th